factor of 349?
False
Is 79 a factor of 632?
True
Is 20880 a multiple of 72?
True
Does 46 divide 269?
False
Does 78 divide 8502?
True
Is 57 a factor of 12255?
True
Does 4 divide 628?
True
Is 2 a factor of 262?
True
Is 46 a factor of 6164?
True
Is 5783 a multiple of 13?
False
Is 2789 a multiple of 16?
False
Is 2 a factor of 271?
False
Is 20 a factor of 2100?
True
Is 5 a factor of 27?
False
Is 16213 a multiple of 25?
False
Is 23 a factor of 365?
False
Does 4 divide 316?
True
Is 2340 a multiple of 12?
True
Is 68 a factor of 15980?
True
Is 824 a multiple of 50?
False
Is 5308 a multiple of 124?
False
Is 246 a multiple of 23?
False
Is 5 a factor of 881?
False
Does 9 divide 1175?
False
Is 934 a multiple of 102?
False
Is 7919 a multiple of 21?
False
Does 41 divide 883?
False
Is 4 a factor of 460?
True
Does 2 divide 42?
True
Is 2 a factor of 167?
False
Is 802 a multiple of 12?
False
Is 3542 a multiple of 77?
True
Does 121 divide 1485?
False
Is 7 a factor of 1407?
True
Does 65 divide 8548?
False
Is 1024 a multiple of 37?
False
Is 132541 a multiple of 15?
False
Is 36 a factor of 1515?
False
Is 77 a factor of 18788?
True
Is 6 a factor of 28134?
True
Does 33 divide 495?
True
Is 10 a factor of 152?
False
Is 205 a factor of 38540?
True
Is 21 a factor of 1428?
True
Is 29450 a multiple of 95?
True
Is 587 a multiple of 11?
False
Is 27 a factor of 36474?
False
Does 5 divide 2734?
False
Does 12 divide 168?
True
Is 6 a factor of 9081?
False
Is 74 a factor of 4585?
False
Is 47 a factor of 13771?
True
Does 23 divide 2263?
False
Is 915 a multiple of 30?
False
Does 12 divide 1246?
False
Does 12 divide 636?
True
Is 639 even?
False
Is 7 a factor of 7578?
False
Is 78 a multiple of 13?
True
Does 73 divide 17812?
True
Is 46 a factor of 2304?
False
Is 14259 a multiple of 21?
True
Does 17 divide 7854?
True
Is 9 a factor of 684?
True
Is 1800 a multiple of 40?
True
Is 12 a factor of 4836?
True
Is 6624 a multiple of 32?
True
Is 1044 a multiple of 36?
True
Is 8 a factor of 3215?
False
Is 254 a multiple of 16?
False
Is 22 a factor of 48532?
True
Is 16 a factor of 4688?
True
Does 17 divide 7837?
True
Is 5262 a multiple of 19?
False
Is 1232 a multiple of 71?
False
Is 2163 a multiple of 21?
True
Is 139 even?
False
Is 23 a factor of 6785?
True
Does 181 divide 124741?
False
Is 10801 a multiple of 3?
False
Is 11 a factor of 4440?
False
Does 20 divide 5726?
False
Does 30 divide 5944?
False
Is 297 a multiple of 27?
True
Does 18 divide 4837?
False
Does 12 divide 1140?
True
Does 8 divide 1024?
True
Does 113 divide 1243?
True
Is 231 a multiple of 21?
True
Is 29 a factor of 285?
False
Is 43 a factor of 891?
False
Is 6 a factor of 163?
False
Is 43 a factor of 12066?
False
Is 6 a factor of 810?
True
Does 14 divide 1624?
True
Is 3 a factor of 12792?
True
Is 307 a multiple of 30?
False
Is 8 a factor of 2592?
True
Does 67 divide 2990?
False
Is 1463 a multiple of 5?
False
Does 4 divide 31092?
True
Is 2831 a multiple of 16?
False
Does 11 divide 1664?
False
Does 13 divide 1753?
False
Is 597 a multiple of 11?
False
Is 1488 a multiple of 14?
False
Is 128 a factor of 10240?
True
Does 333 divide 69264?
True
Is 12 a factor of 16314?
False
Does 36 divide 5364?
True
Does 11 divide 748?
True
Is 2624 a multiple of 8?
True
Is 11109 a multiple of 21?
True
Is 4256 a multiple of 18?
False
Does 30 divide 2665?
False
Does 9 divide 30152?
False
Is 122 a multiple of 2?
True
Is 7786 a multiple of 34?
True
Is 103 a factor of 57256?
False
Is 257 a factor of 99970?
False
Is 136 a factor of 522?
False
Does 6 divide 9042?
True
Does 31 divide 766?
False
Is 119730 a multiple of 39?
True
Does 9 divide 909?
True
Is 67 a factor of 21012?
False
Does 12 divide 1006?
False
Is 36 a factor of 524?
False
Is 134 a factor of 7906?
True
Does 26 divide 3216?
False
Does 44 divide 4488?
True
Does 122 divide 2684?
True
Does 85 divide 35248?
False
Is 122320 a multiple of 10?
True
Is 21 a factor of 2090?
False
Is 82 a factor of 984?
True
Does 10 divide 914?
False
Is 680 a multiple of 68?
True
Is 151 a factor of 132563?
False
Is 12 a factor of 180?
True
Does 66 divide 1122?
True
Is 2712 a multiple of 24?
True
Is 18 a factor of 1206?
True
Is 12 a factor of 125020?
False
Does 3 divide 362?
False
Is 29 a factor of 625?
False
Is 9 a factor of 4133?
False
Is 152 a multiple of 6?
False
Does 5 divide 749?
False
Is 13122 a multiple of 162?
True
Does 32 divide 2208?
True
Is 684 a multiple of 18?
True
Does 14 divide 13328?
True
Does 16 divide 1680?
True
Is 15192 a multiple of 72?
True
Is 35552 a multiple of 101?
True
Does 9 divide 2492?
False
Does 162 divide 30132?
True
Is 585 a multiple of 15?
True
Is 9360 a multiple of 18?
True
Is 41 a factor of 10326?
False
Does 283 divide 16980?
True
Is 15 a factor of 31162?
False
Is 12 a factor of 640?
False
Is 79 a factor of 4977?
True
Is 13 a factor of 2395?
False
Is 971 a multiple of 45?
False
Does 34 divide 770?
False
Does 119 divide 50456?
True
Is 13 a factor of 51190?
False
Is 64 a factor of 12544?
True
Is 26763 a multiple of 33?
True
Is 31 a factor of 1071?
False
Is 2 a factor of 60?
True
Is 53234 a multiple of 19?
False
Does 55 divide 2530?
True
Does 8 divide 57303?
False
Does 12 divide 106?
False
Is 546 a multiple of 45?
False
Does 239 divide 105638?
True
Is 16 a factor of 6256?
True
Is 1104 a multiple of 3?
True
Does 20 divide 971?
False
Does 48 divide 3428?
False
Is 9 a factor of 618?
False
Is 10 a factor of 5314?
False
Does 11 divide 2189?
True
Does 3 divide 380?
False
Is 5260 a multiple of 8?
False
Is 57270 a multiple of 46?
True
Does 9 divide 2871?
True
Does 17 divide 3893?
True
Is 2825 a multiple of 8?
False
Is 600 a multiple of 40?
True
Is 14 a factor of 17416?
True
Is 36 a factor of 37345?
False
Is 9 a factor of 88?
False
Is 9295 a multiple of 11?
True
Does 11 divide 803?
True
Is 44 a factor of 1584?
True
Does 16 divide 32423?
False
Is 763 a multiple of 41?
False
Does 15 divide 735?
True
Does 11 divide 272?
False
Is 492 a multiple of 13?
False
Does 4 divide 144?
True
Is 8 a factor of 229?
False
Does 23 divide 108159?
False
Is 36360 a multiple of 8?
True
Is 21 a factor of 672?
True
Is 19 a factor of 3660?
False
Is 407 a multiple of 2?
False
Does 12 divide 979?
False
Is 45 a factor of 360?
True
Is 1681 a multiple of 2?
False
Does 6 divide 201?
False
Does 6 divide 315?
False
Is 7527 a multiple of 80?
False
Does 52 divide 2657?
False
Is 646 a multiple of 5?
False
Does 2 divide 497?
False
Does 6 divide 15744?
True
Is 12705 a multiple of 231?
True
Is 65 a factor of 1040?
True
Is 51 a multiple of 22?
False
Does 5 divide 5058?
False
Is 7 a factor of 161?
True
Is 11682 a multiple of 11?
True
Does 11 divide 11?
True
Does 7 divide 1841?
True
Is 10382 a multiple of 124?
False
Does 16 divide 393?
False
Does 17 divide 59?
False
Is 468 a multiple of 26?
True
Does 88 divide 9950?
False
Is 40 a factor of 1618?
False
Is 25 a factor of 1675?
True
Does 186 divide 18972?
True
Is 85 a factor of 2040?
True
Is 205 a factor of 11140?
False
Does 95 divide 6801?
False
Is 67 a multiple of 16?
False
Does 13 divide 1668?
False
Does 192 divide 9528?
False
Is 4 a factor of 11372?
True
Is 4 a factor of 332?
True
Is 5 a factor of 3015?
True
Is 2212 a multiple of 28?
True
Does 34 divide 340?
True
Does 3 divide 44?
False
Is 32614 a multiple of 263?
False
Is 10 a factor of 19610?
True
Is 84 a factor of 60437?
False
Does 76 divide 27360?
True
Is 1258 a multiple of 19?
False
Is 14904 a multiple of 12?
True
Is 7622 a multiple of 53?
False
Is 26 a factor of 3016?
True
Is 7728 a multiple of 12?
True
Is 130179 a multiple of 21?
True
Is 52 a factor of 978?
False
Is 680 a multiple of 10?
True
Is 5 a factor of 1180?
True
Is 25 a factor of 1850?
True
Does 13 divide 663?
True
Is 9 a factor of 15561?
True
Is 1373 a multiple of 64?
False
Is 142 a factor of 14510?
False
Is 29 a factor of 435?
True
Does 10 divide 209?
False
Is 4432 a multiple of 9?
False
Is 228 a multiple of 12?
True
Is 44 a factor of 3300?
True
Is 1918 a multiple of 13?
False
Is 45 a factor of 54567?
False
Is 15 a factor of 1518?
False
Is 1525 a multiple of 10?
False
Does 13 divide 158?
False
Is 6880 a multiple of 16?
True
Is 140 a multiple of 14?
True
Does 56 divide 1792?
True
Does 77 divide 231?
True
Is 34 a factor of 47282?
False
Is 2764 a multiple of 46?
False
Is 1185 a mu